eds digit of 50839675?
6
What is the hundreds digit of 45025850?
8
What is the hundreds digit of 322973332?
3
What is the thousands digit of 1097018253?
8
What is the hundred millions digit of 345397879?
3
What is the millions digit of 2131413613?
1
What is the units digit of 9183522?
2
What is the tens digit of 250285883?
8
What is the thousands digit of 244328305?
8
What is the millions digit of 1892471562?
2
What is the units digit of 43601751?
1
What is the tens digit of 164264961?
6
What is the thousands digit of 320740320?
0
What is the hundred thousands digit of 336290958?
2
What is the millions digit of 391746896?
1
What is the millions digit of 690815200?
0
What is the hundred millions digit of 747017566?
7
What is the ten millions digit of 50121705?
5
What is the billions digit of 1403539060?
1
What is the units digit of 56402952?
2
What is the ten thousands digit of 65310391?
1
What is the thousands digit of 802418212?
8
What is the tens digit of 2810625244?
4
What is the ten thousands digit of 69238408?
3
What is the ten thousands digit of 226931775?
3
What is the ten millions digit of 70828411?
7
What is the units digit of 1290068274?
4
What is the thousands digit of 483687611?
7
What is the tens digit of 470305736?
3
What is the tens digit of 132184096?
9
What is the ten millions digit of 137437322?
3
What is the hundred millions digit of 482221770?
4
What is the hundred thousands digit of 4928916817?
9
What is the tens digit of 12264384?
8
What is the thousands digit of 784077304?
7
What is the ten thousands digit of 902077373?
7
What is the units digit of 336532756?
6
What is the hundred millions digit of 160193552?
1
What is the hundreds digit of 465053740?
7
What is the hundred millions digit of 479238813?
4
What is the thousands digit of 20137998?
7
What is the thousands digit of 62189644?
9
What is the tens digit of 1303915836?
3
What is the tens digit of 1156233098?
9
What is the hundred millions digit of 640893339?
6
What is the hundreds digit of 1945096120?
1
What is the thousands digit of 689431735?
1
What is the tens digit of 380531?
3
What is the hundreds digit of 1257895595?
5
What is the tens digit of 43323829?
2
What is the hundred thousands digit of 198589396?
5
What is the ten millions digit of 173306999?
7
What is the units digit of 35788031?
1
What is the billions digit of 1860438758?
1
What is the hundreds digit of 59265339?
3
What is the ten thousands digit of 13061135?
6
What is the ten millions digit of 29780175?
2
What is the ten millions digit of 111952486?
1
What is the tens digit of 64371423?
2
What is the tens digit of 73128542?
4
What is the ten millions digit of 13057452?
1
What is the ten thousands digit of 495957993?
5
What is the hundred thousands digit of 3760443?
7
What is the millions digit of 60147248?
0
What is the ten millions digit of 44414971?
4
What is the hundreds digit of 152376021?
0
What is the hundred thousands digit of 71227762?
2
What is the billions digit of 2976317233?
2
What is the millions digit of 15007053?
5
What is the ten millions digit of 6740612806?
4
What is the ten thousands digit of 12540436?
4
What is the millions digit of 66837267?
6
What is the tens digit of 773902510?
1
What is the tens digit of 1113952952?
5
What is the millions digit of 393818334?
3
What is the ten thousands digit of 253722629?
2
What is the ten millions digit of 1365934398?
6
What is the hundred millions digit of 1137543397?
1
What is the hundred thousands digit of 640067004?
0
What is the hundred thousands digit of 18762283?
7
What is the ten thousands digit of 1980132655?
3
What is the tens digit of 28933465?
6
What is the millions digit of 5540416541?
0
What is the tens digit of 263202185?
8
What is the ten millions digit of 5659159297?
5
What is the ten thousands digit of 172063610?
6
What is the thousands digit of 79007035?
7
What is the thousands digit of 27681154?
1
What is the millions digit of 488946983?
8
What is the thousands digit of 49843594?
3
What is the thousands digit of 211105806?
5
What is the ten thousands digit of 3312828893?
2
What is the hundreds digit of 1060763236?
2
What is the ten thousands digit of 342637468?
3
What is the hundreds digit of 106119746?
7
What is the tens digit of 3253866893?
9
What is the hundreds digit of 78485651?
6
What is the ten millions digit of 673591667?
7
What is the ten millions digit of 45144747?
4
What is the hundred thousands digit of 46091847?
0
What is the units digit of 73035302?
2
What is the hundreds digit of 22059583?
5
What is the tens digit of 938553106?
0
What is the thousands digit of 1725450134?
0
What is the hundreds digit of 1145827621?
6
What is the millions digit of 38099515?
8
What is the tens digit of 112433230?
3
What is the hundred thousands digit of 1536000496?
0
What is the ten thousands digit of 104083950?
8
What is the tens digit of 81203332?
3
What is the hundred thousands digit of 4031537365?
5
What is the ten thousands digit of 828737179?
3
What is the units digit of 2945051148?
8
What is the ten millions digit of 298424187?
9
What is the millions digit of 136277038?
6
What is the ten thousands digit of 22149092?
4
What is the hundreds digit of 1901689990?
9
What is the hundreds digit of 1817781533?
5
What is the ten thousands digit of 3920440048?
4
What is the thousands digit of 12221601?
1
What is the units digit of 46474859?
9
What is the ten thousands digit of 27629222?
2
What is the thousands digit of 7552720?
2
What is the hundred thousands digit of 241650883?
6
What is the ten thousands digit of 41989680?
8
What is the units digit of 60736051?
1
What is the hundred thousands digit of 1465668728?
6
What is the ten millions digit of 1199854406?
9
What is the billions digit of 1180487414?
1
What is the units digit of 235344494?
4
What is the billions digit of 1481058397?
1
What is the tens digit of 450303690?
9
What is the hundred millions digit of 4232413210?
2
What is the tens digit of 4757710?
1
What is the hundreds digit of 4518679?
6
What is the ten thousands digit of 92047229?
4
What is the units digit of 111714389?
9
What is the ten millions digit of 9062128554?
6
What is the hundred millions digit of 1548811229?
5
What is the hundreds digit of 422434752?
7
What is the hundred thousands digit of 75431289?
4
What is the ten millions digit of 50397236?
5
What is the hundred millions digit of 214604892?
2
What is the hundreds digit of 1869685656?
6
What is the tens digit of 21997633?
3
What is the ten thousands digit of 447357509?
5
What is the hundred millions digit of 2264340913?
2
What is the hundreds digit of 117971541?
5
What is the millions digit of 604115901?
4
What is the hundreds digit of 4250651870?
8
What is the thousands digit of 413273260?
3
What is the hundred millions digit of 353249263?
3
What is the millions digit of 1554158396?
4
What is the millions digit of 17302123?
7
What is the hundred millions digit of 2804413938?
8
What is the units digit of 70139314?
4
What is the ten thousands digit of 123971352?
7
What is the units digit of 3074997?
7
What is the tens digit of 418173555?
5
What is the tens digit of 559821052?
5
What is the hundred thousands digit of 302757945?
7
What is the units digit of 2261417781?
1
What is the hundred thousands digit of 4617237056?
2
What is the billions digit of 1918414458?
1
What is the hundreds digit of 159719319?
3
What is the ten thousands digit of 816099866?
9
What is the thousands digit of 189714913?
4
What is the units digit of 85339391?
1
What is the tens digit of 2471530332?
3
What is the tens digit of 3741177012?
1
What is the thousands digit of 2356095605?
5
What is the hundreds digit of 509708034?
0
What is the thousands digit of 48620166?
0
What is the tens digit of 55975928?
2
What is the thousands digit of 52723576?
3
What is the hundred millions digit of 387447023?
3
What is the ten millions digit of 13604160?
1
What is the units digit of 40150777?
7
What is the ten thousands digit of 5696099989?
9
What is the tens digit of 49030511?
1
What is the tens digit of 24677058?
5
What is the hundreds digit of 26641002?
0
What is the hundred millions digit of 4682479509?
6
What is the hundred thousands digit of 1508314756?
3
What is the tens di